= -5*u**3 - u**2 - 4*u. Let p(d) = 6*d**3 + d**2 + 5*d. Let k(b) = 7*j(b) + 6*p(b). Determine k(0).
0
Let r(f) = 2*f**2 + 8*f + 11. Let h = -756 + 750. Give r(h).
35
Let w(i) = -7*i + 18*i - 12669*i**2 + 12670*i**2 - 4. Give w(-6).
-34
Let c(a) = -2*a**2 + 1633*a - 3275*a + 4*a**3 - 2*a**3 + 1639*a - 1. Determine c(-2).
-19
Suppose -9 + 2 = x. Let t(c) be the first derivative of c**4/4 + 8*c**3/3 + 3*c**2 - c - 299. Calculate t(x).
6
Let c(u) = 25 - 8*u + 36 - 84 + 24. Give c(2).
-15
Let f(x) = x**2 + x + 1. Let o(i) = -i**3 - 4*i**2 - 4*i - 7. Let t(q) = 3*f(q) + o(q). Let h be 114 + -4 + 3 + -4. Let z = h + -109. What is t(z)?
-4
Suppose -22 = -2*i - 2*w, -10*i + 4*w + 20 = -6*i. Let b(s) = s**3 - 8*s**2 + 2. Determine b(i).
2
Let t(u) = 10*u**2 - 2*u - 2. Let f = 38 - 41. Let x(i) = -10*i**2 + i + 1. Let r(l) = f*x(l) - 2*t(l). Give r(-1).
10
Let x(w) = -9*w + 5. Let j(t) = -3*t + 3. Let d(y) = 5*j(y) - 2*x(y). Let o be (-4)/(-6) + 100/(-15). Calculate d(o).
-13
Let c(g) = g - 14. Let x be (-10 + 1)*(3 - 12). Let h = x + -70. Calculate c(h).
-3
Suppose k - 2*a + 6 = -4*a, 5*a + 6 = -k. Let r be ((-3)/k)/(-1)*12/6. Let m(t) = -16*t**2 + t + 1. What is m(r)?
-16
Let h = -98 + 93. Let q(w) be the first derivative of -7/3*w**3 - 1/4*w**4 - 1 + 2*w - 7/2*w**2. Determine q(h).
-13
Let j(b) = -2*b**2 + 2*b + 2. Let i(k) = -k**2 + 1. Let g(w) = -3*w + 10. Let y be g(3). Let x(h) = y*j(h) - 3*i(h). What is x(-6)?
23
Let s(f) be the third derivative of f**6/720 - 3*f**5/20 + 11*f**4/24 + f**2. Let o(p) be the second derivative of s(p). Determine o(0).
-18
Suppose -i + 4*w = -13, -8*w + 6*w - 39 = -3*i. Let k(j) = -j**3 + 13*j**2 + 2*j - 7. What is k(i)?
19
Let m = -16 + 43. Let r be 9/m - 10/3. Let w(h) = -9*h - 12. Let z(n) = 3*n + 4. Let a(g) = -2*w(g) - 7*z(g). Give a(r).
5
Let g(b) = -443*b + 152*b + 143*b + 144*b. Give g(1).
-4
Suppose -3*u + 0*u + 15 = w, 2*u = -5*w + 23. Let a(k) = 3*k - 1. What is a(w)?
8
Let i(j) = -3*j + 0 + 4*j + 2. Let x = -422 + 421. Give i(x).
1
Let h(c) be the second derivative of c**6/720 + c**5/60 + c**4/3 + 6*c. Let f(w) be the third derivative of h(w). What is f(3)?
5
Let s(x) = -32*x - 34. Let h(z) = -15*z - 15. Let y(t) = -7*h(t) + 3*s(t). Determine y(4).
39
Let s(m) = -m**3 + m**2 - m. Let h(g) be the second derivative of g**5/10 + g**4/12 + g**3/6 - g**2/2 - 12*g. Let o(a) = h(a) + 3*s(a). What is o(3)?
2
Let i(r) be the first derivative of -r**4/4 + 13*r**3/3 - 5*r - 102. Determine i(13).
-5
Let k(z) = 42*z - 41*z - 2*z**2 + z**2 - 1 + 2*z**2. Give k(2).
5
Suppose 0 = -71*w + 66*w - 25. Let v(f) = 3*f + 2. Let q be v(3). Let o(p) = p**2 - q*p - 2*p**2 + 4*p - 6. Give o(w).
4
Let y(v) = -4 + 695*v**2 - 5*v - 696*v**2 + 10 + v. Determine y(-6).
-6
Let h(u) = 8*u + 8 - 7*u - 7*u. Calculate h(6).
-28
Let p(s) be the third derivative of 0*s + 1/3*s**3 + 0 - 1/40*s**6 + 3*s**2 - 1/24*s**4 + 1/30*s**5. What is p(2)?
-16
Let t(z) be the third derivative of -z**6/120 - 11*z**5/60 + z**4/2 - 2*z**3/3 + 55*z**2. What is t(-12)?
-4
Let m(o) be the first derivative of -o**3/3 - 9*o**2/2 + 9*o - 5. Let l be m(-10). Let y(z) = z**2. Calculate y(l).
1
Suppose -5*b = -3*r - 147, -3*b + 17 = 4*r - 77. Let l = b - 24. Let k(h) be the third derivative of -h**5/60 + h**4/4 - h**3/2 - h**2. Determine k(l).
-3
Let h(s) = -32*s**3 + s + 1. Let c = 1002 - 1003. What is h(c)?
32
Let h(p) = p**2 + 23*p + 121. Let v be h(-15). Let m(q) = 15*q - 1. Calculate m(v).
14
Suppose -5*b = 4*v - 1, v = -4*b + 5*v + 8. Let n(k) be the third derivative of -5*k**4/24 - 2754*k**2. Give n(b).
-5
Let y = -218 + 224. Let i(r) = 4*r - 8. Determine i(y).
16
Let j(s) = s**2 + 6*s + 4. Let h = 6 - -7. Suppose h = -5*g - 7. Let l = g + 1. What is j(l)?
-5
Let d(s) be the first derivative of -258 + s**2 + 510 - 262 - 2*s**2. What is d(4)?
-8
Suppose -c + 3*c + 12 = 2*t, 0 = 5*t - 4*c - 28. Let o(m) = -m**3 + 3*m**2 + 4*m + 1. Give o(t).
1
Let y(n) be the third derivative of -n**6/60 - n**5/15 - n**4/8 - n**3/3 - 216*n**2. What is y(-3)?
25
Suppose -3*m + 2*c + 113 = c, -2*m + 82 = -2*c. Let t be 6*(-3)/m*-4. Let f(r) = 1 - 7 + r**t + 1 + 1 + 5*r. Calculate f(-6).
2
Suppose -17 - 3 = -5*f. Suppose -46 = -5*n - 2*z, f*z = -5*n + 79 - 27. Suppose 9 = -3*y, 0 - n = -5*o + y. Let w(h) = 8*h**2 - h. Calculate w(o).
7
Let u(d) be the second derivative of d**5/120 - d**4/24 + 31*d**3/6 - 31*d. Let s(f) be the second derivative of u(f). What is s(9)?
8
Let k(n) be the second derivative of 0 + 2/3*n**3 - 1/2*n**2 + 11*n + 1/12*n**4. Calculate k(-3).
-4
Let s(b) = 389 + 0*b - 389 + 3*b. Calculate s(2).
6
Let w(i) = -2*i - 11. Let n(u) = u + 10. Let j be (-8)/(1 + 1) + 1. Let v(m) = j*n(m) - 2*w(m). Give v(5).
-3
Suppose -j + 4 = -2. Let f(a) = -53*a**2 - 54*a**2 + 6*a + 106*a**2 - 2. Determine f(j).
-2
Let t(s) = s**2 - 18*s + 60. Let r be t(14). Let n(b) be the first derivative of b**4/4 - 4*b**3/3 - b**2 - 1. Give n(r).
-8
Let l(a) be the second derivative of a**5/10 - a**4/6 - a**3/6 + a**2 + 4*a - 6. Determine l(2).
8
Let t(r) = 3. Let x(l) = l - 1. Let h(s) = t(s) - x(s). Let g be 153/34 + (-2)/(-4). Suppose 5*p - 2*u = 24 + 5, g*p - 3*u = 31. What is h(p)?
-1
Let h = 11 + -6. Let y(f) be the third derivative of -5*f**2 - 1/60*f**5 - 7/6*f**3 + 1/3*f**4 + 0*f + 0. What is y(h)?
8
Let i(g) = -g**3 - 8*g**2 - 9*g + 6. Let z(q) = q**3 + 8*q**2 + 9*q - 4. Let k(a) = -3*i(a) - 4*z(a). What is k(-7)?
12
Let v(l) be the third derivative of -8*l**2 + 1/24*l**4 + 1/6*l**3 - 1/6*l**5 + 0*l + 0. Calculate v(-1).
-10
Suppose 3*w + 16 = 7*w. Suppose w*q - 106 = 34. Let c(s) = 0 - 34*s + q*s + 0. Give c(3).
3
Let o(m) = -m - 1. Let q be o(-5). Suppose 2*a - 11 = d, 0 = -5*a - 4*d + 8 - 0. Let n = q - a. Let z(r) = r**2 - 3. Calculate z(n).
-3
Let o(m) = m. Let u be (-1 + -34)*(-2 - -1). Suppose 5*g + u = -5*t, -t - 37 = 3*t + g. Let a be (t/6)/((-3)/9). Determine o(a).
5
Suppose 2*n + 97 = 99. Let u(t) = 3*t**2 - t**3 + 1 - n - 8 + 9. Determine u(3).
1
Let a(v) = -15*v**2 + 11*v**2 - 1 + v + 5*v**2. Suppose j + 3*t + 5 = 0, 2*j + 0*j - 2*t + 2 = 0. What is a(j)?
1
Let i(t) = t - t**2 + 9 - 8 + 6*t**2 - 4*t**2. What is i(-3)?
7
Suppose 0*p = 6*p + 8*p. Let z be (-30)/10 + (p - -1) + 0. Let s(x) = 3*x - 3*x**2 - 5*x - x**2. Give s(z).
-12
Suppose 147*o - 189 = 150*o. Let t = -58 - o. Let g(d) = -d**3 + 4*d**2 + 7*d - 7. What is g(t)?
3
Let v(j) = 543 - 2*j + j**2 + j - 535 + 0*j. Let n be (-6)/21 - (-2)/7. What is v(n)?
8
Suppose 0 = y - 5*h + 4 + 1, -5 = 4*y - 5*h. Let f = 0 + 6. Suppose 5*w - 1 + f = y. Let j(l) = 8*l**3 - 2*l**2 - l. Determine j(w).
-9
Let b(m) = m**3 - 6*m**2 + m - 8. Let r be b(6). Let t be -3 + 11 + r + 0. Let j(x) = -t*x + x + x. Calculate j(1).
-4
Let l(v) = v**3. Let i(b) = 4*b**2 - 4*b - 2. Let k(n) = -i(n) - l(n). Let d be (12/(-8))/(3/(-6)). Suppose 2*y - d + 13 = 0. What is k(y)?
7
Let l be -2 + (3 - -1) - 0. Let u(d) = 0 + 6 - 3 - d**2 - 4. Determine u(l).
-5
Let l(c) = 2*c**2 + 2*c + 4. Let i = 781 - 784. Give l(i).
16
Let j(s) = -5*s + 15. Let g(m) = 4*m - 13. Suppose 2*q + 28 = 4*z - 0*q, 3*z - 3*q - 24 = 0. Let i(k) = z*g(k) + 5*j(k). Calculate i(-5).
2
Let p(y) = 5*y**2 - y**3 + 0*y + y + 21 - 9 - 3*y - 7. Let r(b) = 5*b**2 - b + 1. Suppose w + 2 = -0*w + 3*a, 5*w - 4 = a. Let x be r(w). Calculate p(x).
-5
Let t(c) = 2*c - 2. Let p be ((-15)/(-7) - 2) + (-43)/7. What is t(p)?
-14
Let r(s) = -3*s**3 - 15*s**2 - 18*s - 11. Let h(d) = -d**3 - 5*d**2 - 6*d - 3. Let p(b) = -10*h(b) + 3*r(b). Determine p(-4).
-11
Suppose 0 = 17*j - 2 + 87. Let m(p) be the first derivative of p**3/3 + 7*p**2/2 + 6*p + 3. Give m(j).
-4
Let n(i) = i**2 + i. Let a = 19 + -20. Let v be (a/4)/((-4)/16). Give n(v).
2
Let d(p) = -p**3 - 6*p**2 + 7*p - 2. Let n = -73 + 78. Suppose 2*b - 2*o + n*o = -8, -4*b = -3*o + 34. Give d(b).
-2
Suppose -14 + 2 = 6*s. Let c(f) = f**3 - 3*f + 1. Let y(w) = -w. Let a(t) = -c(t) + 6*y(t). Give a(s).
13
Let u = 1011 - 1016. Let o(y) = -y**2 - 2*y + 21. Give o(u).
6
Let y(i) be the first derivative of 7/2*i**2 - 7*i + 1/3*i**3 - 32. Calculate y(-6).
-13
Let n(s) = -11*s**2 + 12*s. Let c(q) = -2*q**2 + q + 1. Let b(w) = -6*c(w) + n(w). Determine b(-7).
1
Let n(v) = -v + 8. Let r be n(5). Suppose r*t = 2 + 7. Let q(b) = -b + 7. Determine q(